te number?
True
Suppose 2*q + 10 = 0, 2*q + 318638 = 4*g - 0*q. Is g composite?
False
Let h = -3284 - -1894. Let v = h - -4223. Is v prime?
True
Suppose -5*u = -4*p + 4 - 5, -2 = -5*p + 3*u. Suppose -1 - p = 3*t - 4*l, 3*t - l = -5. Is (-13 - t)*-18 - -5 prime?
False
Suppose 35*h - 45*h = -5*m + 3118525, -4*m + 2494874 = h. Is m a composite number?
False
Suppose 2741260 - 10927635 = -125*s. Is s composite?
True
Suppose -67*u + 33040490 = -31*u + 34*u. Is u composite?
True
Let h = -28 + 43. Suppose h*g - 10*g - 5235 = 0. Is g a prime number?
False
Suppose -3*d + 1630783 = -4*c, -d + 5*c + 291124 + 252474 = 0. Is d a composite number?
False
Suppose 0 = -5*r, -r = -5*f + 10*f - 1160215. Is f composite?
True
Let j = -332 - -330. Is (-14)/j + -3 - 7 - -6326 prime?
True
Is 2*36497 - ((-17)/34)/((-3)/(-42)) a prime number?
False
Suppose 0 = -69*g + 84*g - 2186985. Is g composite?
False
Let d be -75*((-12)/16)/(15/1544). Let c = d + -4057. Is c composite?
False
Let c = 17026 - 8463. Is c a prime number?
True
Let v(a) = -8*a**3 + 10*a**2 - 4. Let i be v(-3). Let l = -1414 + 2393. Let f = l - i. Is f a composite number?
False
Let c = 110155 - 57360. Is c a prime number?
False
Let t = -28922 - -82909. Is t a prime number?
True
Let q be ((-52)/16 - -1)*(-156)/(-117). Let z(u) = -u. Let k be z(-1). Is (q/(-1))/k - -2276 composite?
True
Suppose 0 = -9*g + 2706 + 6717. Let n = 90 + g. Is n composite?
True
Let y = 2662 - 1434. Let z(n) = 185 + y*n - 179 - 317*n. Is z(1) composite?
True
Let m be (-3)/(1/(-2) - -1). Let k(o) = 26*o**2 + 3*o - 1. Let v be k(m). Suppose 5*r - 25 = 0, -4*i - r + 612 + v = 0. Is i a composite number?
True
Suppose -2*t + 4*c + 12 = 0, -5*t - 6 = c - 3. Suppose -3*g - 12 = t, 2*z + g - 961 = 57. Is z a prime number?
False
Suppose -9312 = -2*l - 2796. Suppose -5*g - 4*u = -16272, g - 2*g + l = 2*u. Let k = g + -2138. Is k composite?
True
Suppose 54*l - 41*l + 2249 = 0. Let c be (2/4)/((-1)/644). Let s = l - c. Is s a composite number?
False
Let l(g) = 390*g**2 - 5*g - 11. Suppose -6*x - 24 = -78. Is l(x) a composite number?
True
Let l(n) be the first derivative of 51*n**6/20 + n**5/24 - n**4/6 + 2*n**3/3 - 20. Let j(v) be the third derivative of l(v). Is j(1) a prime number?
True
Suppose 3*j + 5*m - 19 = 0, 6 = j + m - 3. Is (-1)/3 - ((-748540)/30)/j composite?
True
Is (9/6 - 2) + (-41128605)/(-118) composite?
False
Suppose 4*m - 21 = 35. Suppose -13*t + m*t = 5. Suppose 5*y - 298 = -t*f + 887, -3*y - 6 = 0. Is f prime?
True
Let i(l) = 26*l**2 + 14*l + 22. Let f be (-4 + 5/2)*40/(-6). Let r be i(f). Let z = r - 1744. Is z prime?
False
Suppose 0 = -29*z + 4553788 - 247781. Is z prime?
True
Suppose -4926 = -184*v + 181*v. Let s = v - -301. Is s composite?
True
Suppose -8 = 2*j - 5*q + 45, -4*j = 2*q + 46. Is 0 + 2 + 10767 + 16 + j prime?
True
Let k be ((-4 - 4) + 7)*-1058. Let h = 2625 - k. Is h prime?
True
Is (-14 + -3 + 16)*-1115489 composite?
True
Suppose -38*d = -16*d. Suppose 1249 = -d*w + w - 3*o, 3*o - 4996 = -4*w. Is w prime?
True
Suppose -8 = -15*m + 7*m. Let l(q) = -13*q**2 + 4*q - 1. Let v be l(m). Is (-11012)/(-20) - -4*(-1)/v prime?
False
Let d(q) = 96*q - 2. Suppose 3*f + 12 = -2*w + 52, -20 = -f - 4*w. Let c = 16 - f. Is d(c) a composite number?
True
Let d be -5*1*295/(-5). Suppose k = 4*o - 889, -2*o + 439 = 4*k + k. Suppose -d = -q + o. Is q composite?
True
Let q(f) = -5*f - 40. Let x(z) = 3*z + 20. Let v(h) = 4*q(h) + 7*x(h). Let c be v(18). Is c/(4 + (-14610)/3651) composite?
False
Let h(m) = 4*m**2 + 20*m + 4. Let j be h(-5). Suppose j*x + i - 193488 = 4*i, 5*x = -3*i + 241833. Suppose -12*c + x = 19125. Is c prime?
True
Let h = -50 + 61. Suppose h*w = 12*w - 1350. Suppose -2*t + 4*d + w = -d, -d = -4. Is t prime?
False
Let z be (-18)/24 - 24579/12. Let p = 9132 - z. Is p a prime number?
False
Let p = -232909 - -579020. Is p a prime number?
True
Suppose 5*j = 3*v + 145, -j - 138 = -5*j - 2*v. Let d = j - 29. Is (1/4)/(d/636) composite?
False
Suppose -7*d + 41 = -8. Suppose -d*g = -g - 30966. Is g a prime number?
False
Let c(p) = 3*p**3 + p**2 + 5*p - 4. Let y be c(5). Let q be 1/((-15)/75)*-6*(102 - 1). Let x = q - y. Is x composite?
False
Suppose 6*v - 7*v = 95. Let k = 296 - v. Let f = k - -312. Is f a composite number?
True
Let d(h) = 85*h**2 - 32*h + 8. Suppose -52 + 37 = -3*p. Is d(p) a composite number?
False
Let i = 28121 + -5134. Is i/4 - ((-15)/(-4) - 4) composite?
True
Suppose 116*j = 114*j - 14238. Let v = -3014 - j. Is v composite?
True
Suppose 2*q + q - 7 = 4*c, q - 1 = 2*c. Let h(r) = -5*r + 2*r**2 + c*r - 4*r - 18. Is h(16) a composite number?
True
Let l(h) = -9*h - 15*h**3 + 46*h**3 - 7*h**3 - 18*h**2 - 5 - 6*h**3 - 14*h**3. Is l(6) prime?
True
Suppose -15*k + 9*t - 1684165 = -20*k, -k + 3*t + 336833 = 0. Is k a prime number?
False
Let x(f) = 4453*f - 225. Is x(6) prime?
False
Let u be (-1*(-280)/(-50))/((-1)/(-5)). Is (u/8)/(5380/5384 - 1) composite?
True
Let w = -34 - -38. Let c(q) = 17*q**3 + 3*q**2 + 6*q + 7. Let l(f) = -f**2 - 1. Let s(p) = w*l(p) - c(p). Is s(-5) a prime number?
False
Suppose -3 = j - 3*o, 0 = -3*j + 2*o + 14 - 2. Let z be 0 + (j - (0 - -1))/1. Suppose -4*y - 722 = -z*s - 3*y, -2*s + 284 = -2*y. Is s prime?
False
Suppose -17*s - 6172 = -367150. Is (1 - (-3 + 1))/(9/s) a composite number?
True
Let c = 14346 + -8497. Is c prime?
True
Suppose 1365581 + 55139 + 4904082 = 22*o. Is o a composite number?
False
Suppose 0 = -n - 2 - 3. Let w(v) = -v**3 - 6*v**2 - 7*v - 5. Let u be w(n). Suppose -2*x + 504 = b + 3*x, 3*b - 1482 = -u*x. Is b prime?
False
Let h = 16 + -33. Let s = -2898 + 1888. Let u = h - s. Is u a prime number?
False
Let c(t) = -28*t - 168. Let v be c(-6). Suppose -3*p - 4*u + 36815 = v, -46608 = -3*p + u - 9803. Is p composite?
False
Let h(o) = o**3 + 8*o**2 - 8*o + 9. Let l be h(-9). Suppose 6*i + 5*j - 24215 = i, -j - 3 = l. Is i prime?
False
Suppose 0 = -4*h - 2*h + 21733 + 239513. Is h prime?
True
Let f = 35367 - 14494. Is f a composite number?
False
Let v(n) = -76097*n - 18. Is v(-1) prime?
True
Let g = -72 + -3. Let v = g + 366. Is v prime?
False
Suppose -13*g + 17*g + 8 = 0. Let d(a) = -876*a**3 + 6*a + 3. Is d(g) composite?
True
Let w be (-1023)/(-31)*-4*2/(-12). Suppose -w*z = -27*z + 4555. Is z prime?
True
Suppose 4*a - 3*f = -24040, 9*a - 7*a = 4*f - 12020. Let x be 10480/(-3) - 1/(-3). Let d = x - a. Is d prime?
False
Suppose -33*d - 155896 + 177857 + 219566 = 0. Is d prime?
False
Suppose -p + 263975 = -5*m + 4*m, -5*p - 2*m + 1319875 = 0. Suppose 15*q - p = -10*q. Is q a composite number?
False
Let v(o) = 8669*o - 31. Let s be v(2). Suppose -12*u = -s - 55473. Is u composite?
True
Let u = -45 - -61. Suppose 0 = 7*y + y - u. Suppose y*z - 2254 = -0*z + 5*j, 0 = -z + 4*j + 1133. Is z a composite number?
False
Suppose -6*d + 6 = -5*d. Suppose -d*h - 10 = -h. Is (3 + 2 + h)*(-3787)/(-21) prime?
True
Suppose -4*r = -16*q + 12*q - 298584, -4*r = 3*q - 298619. Is r prime?
False
Let i be (80/25)/((-4)/(-30)). Suppose -2*u + 4*n + 14 = 0, 2*u - n = i - 7. Is 50481/81 + (-2)/u composite?
True
Let m = -571582 + 943271. Is m composite?
True
Let a(y) = -4*y**2 - 26*y - 15. Let u(o) be the first derivative of 3*o**3 + 26*o**2 + 29*o - 15. Let n(m) = 7*a(m) + 3*u(m). Is n(-23) a prime number?
False
Let n(z) = 26221*z**2 - 710*z - 1423. Is n(-2) composite?
True
Let g = -347 + 338. Is 3/(12*g/(-177516)) prime?
True
Let l(r) = -r**3 + r**2 - 2*r + 14. Let o be l(0). Is 4875/9 + o/(-21) prime?
True
Let g(p) = -7*p + 25. Let l be g(3). Suppose 4*n - 6 = 14, 0 = -l*k + n + 327. Is k a composite number?
False
Let f(l) be the second derivative of l**3/6 - l**2 - 12*l. Let v be f(-1). Is (482 - (0 + 3)) + (-1 - v) composite?
True
Suppose 668849 = 5*l - 4*z, -176*z + 171*z - 668850 = -5*l. Is l composite?
False
Suppose -2002 = 4*x - 11838. Suppose -4*c + 9836 = r, c = 4*r - 3*r + x. Is c composite?
False
Let m = -99 + 101. Suppose -o - m*x - 6 = -3, 0 = -4*o - 3*x - 17. Let w(r) = 28*r**2 - 2*r + 23. Is w(o) a prime number?
True
Let k be (-5 + 1222/(-4))*6. Let v = k - -22652. Is v composite?
False
Let l = -3967 - -6773. Let q = l + -589. Suppose 2*a + q = 5*a. Is a prime?
True
Let w be (9/6)/((-6)/(-72720)). Suppose -5*j + 2*x = -38, -4*j + 2*x - 19 = -51. Suppose w - 2238 = j